Let z(l) = -l + 14. Let c be z(11). Suppose -c*p - 6 = -0*p. Determine g(p).
5
Let h(n) = n**2 - n - 2. Let q be h(-3). Suppose -2*x + 5 = -3*i, q = 3*x - 2*i - 5. Suppose -p - x + 2 = 0. Let c(g) = -g - 1. Calculate c(p).
4
Let p = 13 + -15. Let y be p/11 + 53/(-11). Let d(a) = 2*a + 2 - 5*a**2 + 2 + 0*a - a**3. What is d(y)?
-6
Let h(q) = 3*q - 5. Let d be h(1). Let y(m) = -m**3 + m**2 + 4*m + 3. Determine y(d).
7
Let i(c) = -c. Let s be i(2). Let r(t) = -2*t**3 - 2*t**2 - t - 1. What is r(s)?
9
Let s(h) be the first derivative of 16*h**3/3 + h - 11. What is s(-1)?
17
Let u(i) = -10*i + 2. Suppose -26 = 10*p + 3*p. Calculate u(p).
22
Let m(b) = b**3 + 3*b**2 - 4*b + 4. Let x be m(-4). Let p be ((-10)/(-8))/(1/x). Let a(g) = -g**2 + 7*g - 5. What is a(p)?
5
Let n(i) be the second derivative of -i**5/20 - 11*i**4/12 - 3*i**3/2 + 5*i**2 + 9*i. Calculate n(-10).
0
Let w(x) be the third derivative of -6*x**2 + 0*x - 5/24*x**4 + 1/2*x**3 - 1/60*x**5 + 0. Determine w(-5).
3
Let f(d) = -d**3 - 3*d**2 + 2*d - 3. Let k be f(-3). Let i = -7 - k. Suppose o = -0*o - n + 9, -i*o = 5*n - 30. Let b(a) = -a**3 + 5*a**2 + a - 6. Give b(o).
-1
Let n(v) = 2*v**3 + 9*v**2 + 2. Let b(i) = i**3 + 8*i**2 + i + 1. Let d(m) = 3*b(m) - 2*n(m). Give d(6).
17
Suppose -35 = 23*x + 80. Let w(j) = -3*j - 3. What is w(x)?
12
Let m(w) = w**3 + 5*w**2 - 7*w - 2. Let g(u) be the third derivative of u**6/120 + u**5/30 + u**3/2 + 3*u**2. Let t be g(-3). Determine m(t).
4
Let s(k) = 2*k - 1 + 2 + 4. Calculate s(-4).
-3
Let j(v) be the first derivative of v**4/4 - 5*v**3/3 + 3*v**2/2 + 5*v - 17. Give j(4).
1
Suppose -k = h + h + 5, -5*k = 4*h + 1. Let j(w) = -2*w - 2*w**3 + 7*w + k*w**2 - 2*w**3 + 3*w**3 - 5. Determine j(4).
-1
Let u(q) be the third derivative of -q**8/6720 + q**7/2520 + q**5/120 + q**4/6 - 3*q**2. Let v(p) be the second derivative of u(p). Give v(2).
-3
Let x(h) be the third derivative of -h**4/24 + 2*h**3/3 - h**2. Let g be (-12)/30 - 66/10. Let v = 10 + g. Give x(v).
1
Let h(x) = -17*x**2 - 4*x + 2. Let a(s) = -26*s**2 - 6*s + 3. Let n(r) = 5*a(r) - 7*h(r). Give n(1).
-12
Let g = 21 + -15. Let d(p) = -1. Let r(b) = 3*b - 12. Let h(t) = g*d(t) - r(t). Determine h(4).
-6
Let w(h) be the second derivative of -h**5/60 - 5*h**4/24 + h**3/6 - 2*h. Let c(g) be the second derivative of w(g). Give c(-5).
5
Let y(q) = -q**2 + 10*q - 3. Let t be (2/4)/((-1)/6). Let r(a) = -a. Let s(b) = t*r(b) - y(b). Determine s(5).
-7
Let y(z) = -3*z - 1 + 3*z + 4 + 7*z. Let i(u) = -13*u - 7. Let l(b) = -6*i(b) - 11*y(b). What is l(0)?
9
Let l(g) = g**2 + 3*g - 5. Let h be -3 - ((4 - -2) + -4). Give l(h).
5
Let q(z) be the second derivative of -z**3/6 - 3*z**2/2 - z. What is q(-4)?
1
Let k(d) = -d + 12. Let v be k(10). Let j(w) = -1 + 2*w - 2 + v*w - 3*w. Calculate j(6).
3
Suppose -8*u + 4*u = 16. Let l(h) = -h**2 - 4*h + 2. What is l(u)?
2
Let q(d) = -9*d**2 + 19*d + 5. Let l(v) = 4*v**2 - 9*v - 3. Let y(h) = 7*l(h) + 3*q(h). What is y(5)?
-11
Let y(o) = 10 - 6*o - 4 + 7*o. Suppose 0 = -2*f + 1 - 13. Calculate y(f).
0
Let d(q) = -q**2 + 6 + 6*q + 0*q**2 + 6 - 2. Calculate d(7).
3
Let a(k) = -2*k**3 - 14*k**2 - k - 20. Let p(r) = -r**3 - 7*r**2 - 10. Let v(u) = -4*a(u) + 7*p(u). Determine v(-7).
-18
Let x(m) = 12*m + 1 - 1. Let t(l) = 3*l. Let q(u) = 9*t(u) - 2*x(u). Let v = 16 - 18. Give q(v).
-6
Let g(t) = 0*t**2 + 20*t - t**3 - 13*t + 5 + 5*t**2 + 0*t**2. What is g(6)?
11
Let x(k) = 6*k - 7. Let y(s) = -5*s + 6. Let h(w) = -4*x(w) - 5*y(w). Suppose -5*m + 16 = 2*z, 2*z = 7*z + 10. What is h(m)?
2
Suppose -4*b - b = -25. Let z(g) = -g**2 + 7*g - 2. Calculate z(b).
8
Let m(n) be the first derivative of n**2/2 + 51. Calculate m(-2).
-2
Suppose 3*a - 2*i = -5*i - 3, -13 = -3*a + i. Let j(v) = 2 - 5*v + v**2 - 1 - a + 6. Give j(4).
0
Let a(j) = 1. Let p(u) = 2*u - 8. Let w(r) = -3*a(r) - p(r). Give w(6).
-7
Let h(o) = o + 3. Let p be ((-21)/14)/((-3)/(-14)). What is h(p)?
-4
Let b be 43/9 + 4/18. Let z(h) = 2*h + 0*h - b*h. Let d = 2 - 1. Calculate z(d).
-3
Let o(n) = 3*n + 3. Let k(g) = 2*g + 2. Let h(f) = 5*k(f) - 3*o(f). Determine h(-6).
-5
Let k(a) = a - 2. Let h(s) = 1. Let j(o) = -4*h(o) - k(o). Let x = 27 - 25. Determine j(x).
-4
Let l(i) = -8*i + 1. Suppose -3 = 4*o - 11. Let g(f) = 5*f + o*f - 3*f. Let u(n) = -7*g(n) - 3*l(n). Calculate u(-2).
5
Let s be 4/(-8)*(1 - 9). Let p = -4 - -5. Let a(h) = 0 + 2*h - p - 4. What is a(s)?
3
Let w(q) = -q**3 - q**2 + 4*q + 2. Let p = 0 + -3. Give w(p).
8
Let c(g) = 6*g**3 - 13*g**2 + 4*g. Let f(h) = h**3 - h**2 - h + 1. Let y(u) = -c(u) + 5*f(u). Determine y(7).
-9
Let z(r) be the third derivative of 1/120*r**6 + 0*r + 1/2*r**3 + 2*r**2 + 1/12*r**5 + 0 + 1/6*r**4. Let n = -2 + 0. Give z(n).
7
Let n(i) = 5*i**3 + 25*i**2 - 25*i + 13. Let r(p) = p**3 + 2*p + 2*p**2 - 8*p + 3 + 4*p**2. Let z(j) = -2*n(j) + 9*r(j). Determine z(3).
-2
Let s(l) = -5*l + 3. Let w be s(0). Let d(y) = -y**3 + 2*y**2 + 4*y - 3. Determine d(w).
0
Let x(s) = -s**3 - 6*s**2 - 5*s + 1. Let d be 1/((-2)/33)*6. Let m be d/21 + (-4)/14. What is x(m)?
1
Let k(m) = 4 - 3*m**2 - 10*m + m**3 + 14*m - 5*m. Suppose -4*b = 27 - 71. Suppose 2*s + b = -2*v + 3*v, 4*v + s = 8. Calculate k(v).
1
Suppose x - 3 = -0. Suppose -3*h + 18 = -3*d + d, -x*d = 2*h + 1. Let t(n) = -n**3 - n**2 + 4*n. Calculate t(d).
6
Let b(t) be the first derivative of -t**3/3 + 11*t**2/2 + 7*t + 9. Give b(11).
7
Let y(k) be the third derivative of -k**6/120 + k**5/12 + k**4/12 - k**3/3 - 17*k**2. Calculate y(5).
8
Let o(r) = r**2 - 3*r + 2*r**2 - 2*r**2 - 1. Let p be 70/20*-2*3. Let v be (3 + -2)/((-7)/p). Calculate o(v).
-1
Let h = 0 + 4. Let z(i) = h*i - 2*i - 5*i**2 - 3*i - 1. Determine z(-1).
-5
Let w(l) be the third derivative of -1/24*l**4 + 0*l + l**2 + 0*l**3 + 0. Let b be (-6)/5*(-20)/(-6). Determine w(b).
4
Let b(f) = 2*f**2 + 2*f**2 - 4*f - 5*f**2 + 3. Let m be b(-4). Suppose 4*d = 4*r, -m = -2*r + 3. Let k(j) = -j**3 + 3*j**2 - 1. What is k(d)?
-1
Let f(c) = -2 + 1 + 2*c**2 - c**2 - 5*c. Suppose 0 = -2*o - 5 + 13. Give f(o).
-5
Let m be 2/2 + -1 + 4. Let l(b) be the second derivative of -b**4/12 + b**3/2 - b**2/2 - b. What is l(m)?
-5
Let x(k) = k + 6. Suppose 0 = 2*o - 5*h - 6, 2*o + 10 = -0*o + h. Give x(o).
-1
Let j = 13 - 0. Suppose -2*w = 5*q - j, 2*w + 0*w - 5*q = 3. Suppose 7 + 1 = 2*i - z, w*z + 14 = 2*i. Let p(g) = -g + 2. What is p(i)?
-1
Suppose -3 = 2*v + 3. Let k(d) = d**3 + 4*d**2 + 4*d. What is k(v)?
-3
Let t(i) = i**3 + i**2 - i + 8. Let o = 8 - 6. Suppose -2*y = o*x + 6, 5*y - x + 3*x = -6. Calculate t(y).
8
Let d(y) = -y**2 + 6*y. Suppose 4*c - 24 = -0*c. What is d(c)?
0
Let l(s) be the second derivative of -1/2*s**5 + 1/6*s**3 + 0*s**2 + 2*s - 1/6*s**4 + 0. Let b(z) = -z**3 - 4*z**2 - 2*z + 4. Let a be b(-3). Give l(a).
-11
Let w(x) = x**2 - 7*x + 7. Let n be (2*2/12)/(2/42). Calculate w(n).
7
Suppose 0 = -4*z - 5*n - 20, 5*z - 2 = n + 2. Suppose 4*l + 5 = 17. Let o(g) = l - 3 - g**3. Give o(z).
0
Let g(m) = m**3 - 3*m**2 - 5*m + 6. Suppose -y - 5*r - 3 = -2, 3 = y + r. Give g(y).
2
Suppose -1 + 5 = -o. Let n(x) = x**2 + 3*x + 2. Calculate n(o).
6
Let u(v) = -31*v + 0 - 1 + 0 + 44*v. Determine u(1).
12
Let f(t) = -1 + 2*t - t - 3. Let i(g) = 2*g - 7. Suppose -o - 2*o - 26 = -l, -17 = -2*l - o. Let b(k) = l*f(k) - 6*i(k). Calculate b(-1).
-1
Let u(a) = -a**3 - 11*a**2 + 12*a - 3. Let i be u(-12). Suppose -f = 4*f. Let t(y) = -2*y + f*y**3 - 2 - 2 + 2*y**2 + y**3. Give t(i).
-7
Suppose 5*n - 6 - 14 = 0. Suppose -10 = -5*t, -4*t = -3*g + n*g - 11. Let v(q) = -q + 1. Give v(g).
-2
Let y = -2 - -2. Suppose 3*i + 12 = y, 0*i - 3*i = -5*u + 37. Suppose o - 3 = -f - 5, u*f + 14 = -3*o. Let t(j) = j + 9. What is t(f)?
5
Let r be 6 + -2 + 0/(-1). Suppose 5*g + r*p - 5 = 3*p, 2*g - p - 9 = 0. Let h(a) = -2*a**3 - 2*a + 7*a**2 + 6 + a**3 - 3*a**2 - 4. Determine h(g).
6
Suppose 6*l = l + 5*a + 25, l - 5*a - 5 = 0. Let d(z) = -5 + l*z**2 + 2*z**3 - 5*z**3 + 0 + 2*z**3. What is d(5)?
-5
Let x(j) = 2*j**3 - 11*j**2 + j - 4. Suppose p + 19 = 6. Let q = p - -8. Let u(i) = i**3 - 6*i**2 + i - 2. Let f(d) = q*u(d) + 3*x(d). What is f(4)?
6
Let q(z) = -z**2 - 3*z - 9. Let h(l) = 6*l**2 + 15*l + 46. Let o(k) = -2*h(k) - 11*q(k). Let b = -1 + 6. Determine o(b).
-3
Let a(v) = v**2 - 3*v - 5. Let s(